 What is l(5)?
0
Let k(s) = -2571*s + 406207. What is k(158)?
-11
Let q(k) = 10849*k - 6541933. Determine q(603).
14
Let w(h) = -1430*h - 22676. Determine w(-16).
204
Let w(a) = -7*a**2 - 927*a - 10115. Calculate w(-12).
1
Let j(z) = -z**3 - 11*z**2 + 36*z - 20. Calculate j(-14).
64
Let b(d) = 22*d**2 + 472*d + 33. Determine b(-23).
815
Let t(u) = u**2 + 188*u + 6431. Calculate t(-140).
-289
Let g(a) = 105*a**2 + 1255*a - 52. Calculate g(-12).
8
Let w(a) = 2310963*a - 6932914. Determine w(3).
-25
Let w(c) = 2*c**2 - 43*c - 562. What is w(-9)?
-13
Let f(k) = k**3 + 82*k**2 + 1080*k + 5347. Calculate f(-67).
322
Let d(m) = 813*m - 97565. What is d(120)?
-5
Let w(o) = 5253161*o + 5253169. Determine w(-1).
8
Let o(f) = f**3 + 38*f**2 - 130*f - 316. Give o(-41).
-29
Let r(o) = 282*o + 3320. What is r(-8)?
1064
Let h(v) = 10*v**2 - 3057*v - 9863. Calculate h(309).
334
Let k(d) = d**3 + 26*d**2 - 135*d + 349. What is k(-31)?
-271
Let r(i) = -i**2 + 4743*i + 603510. Calculate r(-124).
2
Let j(v) = -29*v**2 + 2469*v + 7400. Give j(-3).
-268
Let i(x) = -2643*x**2 + 13297*x - 1. Give i(5).
409
Let n(m) = -1250*m + 73615. What is n(57)?
2365
Let v(z) = -9*z**3 - 162*z**2 + 7*z + 49. What is v(-18)?
-77
Let q(l) = l**3 + 121*l**2 + 695*l + 291. What is q(-6)?
261
Let n(v) = 5*v**2 - 57*v + 164. Calculate n(-22).
3838
Let h(a) = -70*a + 872. Calculate h(34).
-1508
Let s(a) = -3*a**2 + 233*a + 215. Determine s(77).
369
Let l(w) = 2*w**2 + 38495*w + 22. Determine l(0).
22
Let a(i) = 339*i + 314. Give a(-1).
-25
Let m(l) = 1153*l - 3938. Determine m(3).
-479
Let t(d) = d**3 + 95*d**2 - 837*d + 34869. Give t(-106).
-5
Let c(n) = 2*n**2 + 445*n - 59526. Calculate c(94).
-24
Let d(i) = 2114*i - 6369. What is d(3)?
-27
Let y(o) = 8*o**2 - 2300*o - 354. Give y(286).
-3786
Let j(p) = -9*p**3 - p**2 - 635*p - 634. Give j(-1).
9
Let n(b) = -b**2 + 983*b + 212037. What is n(-182)?
7
Let g(q) = -q**2 + 1044*q + 42239. Determine g(-39).
2
Let n(f) = -f**3 + 396*f**2 + 19849*f - 5. Determine n(-45).
-185
Let g(f) = 1194*f**2 - 13147*f + 120. Give g(11).
-23
Let z(v) = -5*v**2 + 57*v + 345. Calculate z(14).
163
Let t(g) = 7*g**3 - 85*g**2 - 78*g + 1071. Determine t(12).
-9
Let a(p) = 216500*p + 19268493. Give a(-89).
-7
Let s(w) = -28001*w - 251977. Determine s(-9).
32
Let c(u) = -142*u + 166709. Calculate c(1174).
1
Let l(q) = 100696*q + 402900. Determine l(-4).
116
Let a(f) = -4*f**3 + 1165*f**2 - 301*f + 2894. Determine a(291).
-16
Let l(s) = s**3 - 75*s**2 + 428*s + 501. What is l(69)?
1467
Let l(z) = -4*z**3 + 206*z**2 - 487*z - 158. Determine l(49).
-11
Let f(d) = 44380*d + 1508945. What is f(-34)?
25
Let q(o) = 2*o**2 - 1688*o + 253051. Determine q(649).
-59
Let a(b) = 5*b**2 - 262*b + 2125. Calculate a(10).
5
Let s(c) = -c**3 - 635*c**2 + 11727*c + 446. Determine s(18).
-40
Let m(u) = 953*u + 38328. Give m(-37).
3067
Let v(y) = -22*y + 11. Determine v(-3).
77
Let p(d) = -2*d**3 + 12*d**2 - 218*d + 1026. What is p(5)?
-14
Let f(z) = -532*z + 1189. Give f(2).
125
Let b(z) = 69*z - 14182. Calculate b(211).
377
Let l(i) = -i**3 + 262*i**2 - 1541*i + 1287. Calculate l(256).
7
Let o(s) = -12*s**3 + 2*s**2 + 100*s + 252. Calculate o(-3).
294
Let y(x) = 2*x**3 + 46*x**2 - 147*x - 3417. Give y(-23).
-36
Let d(p) = -52*p + 1350. Calculate d(25).
50
Let d(b) = -6*b**2 + 462*b + 65. Give d(77).
65
Let w(s) = 19*s**2 - 892*s + 8953. Calculate w(32).
-135
Let u(j) = 2*j**2 - 2539*j + 549831. Give u(277).
-14
Let y(g) = g**3 - 416*g**2 - 15269*g - 13996. Determine y(450).
-46
Let k(c) = 7*c**3 + 3070*c**2 + 18174*c + 30. Give k(-6).
-6
Let u(r) = -6157*r + 991254. What is u(161)?
-23
Let j(v) = 9611*v - 2008694. Determine j(209).
5
Let s(o) = -361*o + 23128. Give s(62).
746
Let s(m) = -5*m**3 + 205*m**2 + 198. Calculate s(41).
198
Let s(a) = -a**2 - 890*a - 57404. Give s(-70).
-4
Let m(q) = 6356*q + 12659. What is m(-2)?
-53
Let t(p) = -5224*p + 88799. What is t(17)?
-9
Let z(u) = -19*u**2 + 591*u + 36575. Calculate z(-31).
-5
Let z(g) = -54*g**2 + 7*g + 185. Calculate z(0).
185
Let h(f) = -2*f**3 + 62*f**2 + 6*f - 970. Determine h(33).
-5128
Let o(h) = -9200*h + 73659. Determine o(8).
59
Let u(b) = -155*b**3 + 1552*b**2 - 13*b - 54. Give u(10).
16
Let b(q) = -5*q**3 + 961*q**2 + 5944*q - 11. Calculate b(-6).
1
Let q(w) = 30*w**3 + 6211*w**2 + 209*w + 362. Determine q(-207).
-52
Let j(x) = x**2 + 12*x - 18728. What is j(-143)?
5
Let o(h) = 2*h**2 + 149*h - 16748. Give o(-136).
-20
Let t(y) = -6*y**2 + 2328*y + 6492. What is t(391)?
-546
Let y(m) = -m**2 - 3533*m + 38940. Give y(11).
-44
Let f(v) = -32*v + 1713. Give f(9).
1425
Let r(l) = l**2 - 5487*l + 255704. What is r(47)?
24
Let c(w) = 4*w**3 + 9*w**2 + w - 11. What is c(-4)?
-127
Let s(v) = 451*v + 3303. Determine s(-5).
1048
Let i(z) = -1316*z + 15653. Calculate i(12).
-139
Let c(l) = -23155*l + 92664. Determine c(4).
44
Let l(n) = -n**2 - 68*n + 3195. Determine l(35).
-410
Let v(m) = 373*m - 1. Calculate v(0).
-1
Let z(u) = 50*u**2 - 85*u + 695. Calculate z(10).
4845
Let p(u) = 564*u + 32835. Determine p(-60).
-1005
Let w(n) = -3*n**3 - 40*n**2 - 112*n + 70. What is w(-5)?
5
Let q(z) = 5*z**3 + 3*z**2 + 145*z + 716. Give q(-5).
-559
Let w(a) = -1828*a**3 + 5*a**2 + 5*a + 4. Determine w(-1).
1832
Let x(v) = -v**3 - 352*v**2 - 9412*v + 7467. Give x(-30).
27
Let f(h) = 35013*h + 350205. Give f(-10).
75
Let k(g) = -15711*g + 5200322. Give k(331).
-19
Let b(v) = -2*v**3 + 425*v**2 + 73*v + 3. Give b(0).
3
Let x(b) = 11*b**2 - 2336*b - 31276. Give x(225).
-1
Let l(p) = -p**2 - 708*p + 41719. Calculate l(56).
-1065
Let k(x) = -x**3 - 192*x**2 - 4879*x - 533. What is k(-30)?
37
Let n(t) = 24*t + 614. What is n(-25)?
14
Let g(k) = 261*k + 15761. What is g(-62)?
-421
Let l(k) = 801*k + 426. Give l(-2).
-1176
Let w(j) = 24525*j - 4144623. Determine w(169).
102
Let c(z) = -z**3 + 974*z**2 - 45335*z + 9271. Give c(925).
21
Let q(z) = -13*z**3 - 80*z**2 - 69*z - 459. Give q(-6).
-117
Let b(g) = 4756*g**2 + 328164*g + 5. Calculate b(-69).
5
Let a(t) = 3*t**3 - 171*t**2 - 649*t - 5059. Calculate a(61).
4
Let z(y) = y**3 - 1514*y**2 + 92798*y + 2907. What is z(1450)?
7
Let b(p) = -32948*p + 230159. Determine b(7).
-477
Let s(n) = -2*n**3 - 61*n**2 - 341*n - 75. Calculate s(-10).
-765
Let h(p) = p**3 - 5*p**2 + 109*p + 12192. Calculate h(-20).
12
Let w(j) = 1181*j - 167707. Give w(142).
-5
Let b(f) = -f**3 - 64*f**2 + 109*f + 2859. Give b(-65).
-1
Let x(r) = 7*r**2 - 236*r - 133. What is x(34)?
-65
Let d(a) = a**2 - 32743*a + 785223. Calculate d(24).
-33
Let m(x) = x**3 + 163*x**2 + 3363*x + 3789. Determine m(-139).
36
Let x(p) = -54376*p + 57692942. Give x(1061).
6
Let g(b) = b**3 - 264*b**2 - 7226*b + 311. Give g(289).
22
Let d(y) = y**2 - 26*y - 3697. Give d(-44).
-617
Let w(r) = -72*r**3 + 28*r**2 - 53*r + 6. Determine w(2).
-564
Let l(p) = -2*p**3 - 9*p**2 + 16*p + 74. Determine l(-4).
-6
Let f(y) = -2*y**3 + 339*y**2 + 205*y - 6285. Give f(170).
-335
Let u(v) = -38233*v + 650003. Determine u(17).
42
Let b(v) = -1050*v + 276142. Calculate b(263).
-8
Let a(p) = 2*p**3 + 33*p**2 - 14628*p - 5448. Calculate a(-94).
4
Let o(n) = -n**3 - 31*n**2 - 179*n + 57. What is o(-13)?
-658
Let z(g) = -314*g - 15958. Calculate z(-51).
56
Let h(z) = 154*z**2 + 110253*z - 7865. What is h(-716)?
11
Let q(b) = 2217*b - 8721. Give q(4).
147
Let m(u) = 1287*u + 469747. Determine m(-365).
-8
Let b(c) = c**3 + 236*c**2 + 8887*c + 283. Calculate b(-47).
95
Let a(q) = -37*q**2 - 69*q + 248. Give a(3).
-292
Let y(r) = -2*r**3 - 271*r**2 + 14462*r + 371. Determine y(41).
-80
Let s(u) = -49*u**3 + 54*u**2 + 125*u + 43. Give s(-2).
401
Let k(w) = w**3 + 91*w**2 + 7*w + 1740. Determine k(-91).
1103
Let p(r) = 210*r**2 - 33189*r + 1413. What is p(158)?
-9
Let m(w) = 25*w**2 + 3*w - 93. Determine m(8).
1531
Let t(n) = -4*n**2 + 1307*n + 32229. Calculate t(-23).
52
Let p(o) = o**3 - 275*o**2 + 2417*o - 6098. Calculate p(266).
20
Let p(n) = -33461*n - 1673268. What is p(-50)?
-218
Let x(c) = -35*c**2 + 46*c + 155. Determine x(-4).
-589
Let m(h) = 7*h**2 - 21*h + 14. What is m(3)?
14
Let p(v) = -137*v**3 - 6*v**2 - 115*v - 111. Determine p(-1).
135
Let y(k) = -31*k**2 + 178*k + 467. Calculate y(-2).
-13
Let u(b) = b**3 - 88*b**2 - 79*b - 1056. Determine u(89).
-166
